me factors of 35177?
29, 1213
List the prime factors of 576.
2, 3
What are the prime factors of 32728?
2, 4091
What are the prime factors of 73476?
2, 3, 13, 157
What are the prime factors of 3936?
2, 3, 41
List the prime factors of 761.
761
List the prime factors of 6401.
37, 173
What are the prime factors of 45801?
3, 7, 727
List the prime factors of 415.
5, 83
List the prime factors of 675.
3, 5
What are the prime factors of 7463?
17, 439
What are the prime factors of 14915?
5, 19, 157
What are the prime factors of 4397?
4397
What are the prime factors of 1297?
1297
List the prime factors of 61774.
2, 67, 461
What are the prime factors of 31492?
2, 7873
List the prime factors of 2261.
7, 17, 19
List the prime factors of 26497.
26497
List the prime factors of 675.
3, 5
What are the prime factors of 3342?
2, 3, 557
What are the prime factors of 49803?
3, 13, 1277
List the prime factors of 8518.
2, 4259
List the prime factors of 3533.
3533
What are the prime factors of 3935?
5, 787
List the prime factors of 525.
3, 5, 7
What are the prime factors of 1634?
2, 19, 43
List the prime factors of 496.
2, 31
List the prime factors of 9849.
3, 7, 67
What are the prime factors of 9224?
2, 1153
List the prime factors of 191956.
2, 37, 1297
List the prime factors of 3577.
7, 73
What are the prime factors of 899?
29, 31
What are the prime factors of 2179?
2179
List the prime factors of 6981.
3, 13, 179
What are the prime factors of 6686?
2, 3343
What are the prime factors of 5511?
3, 11, 167
List the prime factors of 12107.
12107
What are the prime factors of 12178?
2, 6089
List the prime factors of 14496.
2, 3, 151
What are the prime factors of 19369?
7, 2767
What are the prime factors of 2351?
2351
List the prime factors of 136.
2, 17
What are the prime factors of 168965?
5, 47, 719
What are the prime factors of 9651?
3, 3217
List the prime factors of 41831.
59, 709
List the prime factors of 1035.
3, 5, 23
What are the prime factors of 29437?
29437
List the prime factors of 18988.
2, 47, 101
What are the prime factors of 1763?
41, 43
List the prime factors of 4530.
2, 3, 5, 151
List the prime factors of 198.
2, 3, 11
What are the prime factors of 28669?
28669
List the prime factors of 4026.
2, 3, 11, 61
List the prime factors of 4778.
2, 2389
What are the prime factors of 10901?
11, 991
List the prime factors of 4086.
2, 3, 227
What are the prime factors of 533?
13, 41
What are the prime factors of 134716?
2, 33679
What are the prime factors of 815?
5, 163
What are the prime factors of 19068?
2, 3, 7, 227
What are the prime factors of 105086?
2, 52543
List the prime factors of 50007.
3, 79, 211
What are the prime factors of 1550?
2, 5, 31
List the prime factors of 18898.
2, 11, 859
List the prime factors of 117502.
2, 7, 11, 109
List the prime factors of 1033.
1033
List the prime factors of 27431.
27431
What are the prime factors of 1734?
2, 3, 17
List the prime factors of 991.
991
List the prime factors of 374.
2, 11, 17
What are the prime factors of 84287?
7, 12041
What are the prime factors of 40095?
3, 5, 11
What are the prime factors of 5567?
19, 293
List the prime factors of 37650.
2, 3, 5, 251
What are the prime factors of 5448?
2, 3, 227
What are the prime factors of 125116?
2, 31, 1009
List the prime factors of 145654.
2, 19, 3833
What are the prime factors of 19758?
2, 3, 37, 89
What are the prime factors of 5323?
5323
What are the prime factors of 2675?
5, 107
List the prime factors of 9093.
3, 7, 433
What are the prime factors of 2012?
2, 503
List the prime factors of 70173.
3, 23, 113
List the prime factors of 24550.
2, 5, 491
List the prime factors of 33127.
157, 211
List the prime factors of 3290.
2, 5, 7, 47
What are the prime factors of 9529?
13, 733
List the prime factors of 5367.
3, 1789
What are the prime factors of 9389?
41, 229
What are the prime factors of 11950?
2, 5, 239
List the prime factors of 142243.
103, 1381
List the prime factors of 2537.
43, 59
List the prime factors of 3624.
2, 3, 151
List the prime factors of 435.
3, 5, 29
List the prime factors of 2520.
2, 3, 5, 7
What are the prime factors of 3018?
2, 3, 503
What are the prime factors of 44945?
5, 89, 101
List the prime factors of 4704.
2, 3, 7
List the prime factors of 6440.
2, 5, 7, 23
List the prime factors of 841.
29
List the prime factors of 20072.
2, 13, 193
List the prime factors of 1124.
2, 281
List the prime factors of 296.
2, 37
List the prime factors of 7923.
3, 19, 139
What are the prime factors of 499?
499
What are the prime factors of 9906?
2, 3, 13, 127
What are the prime factors of 1095?
3, 5, 73
List the prime factors of 83846.
2, 7, 53, 113
What are the prime factors of 31247?
31247
What are the prime factors of 827?
827
List the prime factors of 346.
2, 173
List the prime factors of 9515.
5, 11, 173
What are the prime factors of 8700?
2, 3, 5, 29
What are the prime factors of 136384?
2, 2131
List the prime factors of 16293.
3, 5431
What are the prime factors of 265?
5, 53
What are the prime factors of 7818?
2, 3, 1303
List the prime factors of 4243.
4243
What are the prime factors of 24906?
2, 3, 7, 593
What are the prime factors of 11373?
3, 17, 223
List the prime factors of 1399.
1399
What are the prime factors of 2039?
2039
List the prime factors of 3976.
2, 7, 71
List the prime factors of 2957.
2957
What are the prime factors of 716?
2, 179
What are the prime factors of 1514?
2, 757
List the prime factors of 61678.
2, 30839
List the prime factors of 2734.
2, 1367
What are the prime factors of 106542?
2, 3, 1973
List the prime factors of 908.
2, 227
List the prime factors of 2320.
2, 5, 29
List the prime factors of 2039.
2039
What are the prime factors of 17583?
3, 5861
What are the prime factors of 62043?
3, 20681
List the prime factors of 105673.
105673
List the prime factors of 498.
2, 3, 83
List the prime factors of 1344.
2, 3, 7
What are the prime factors of 97035?
3, 5, 6469
What are the prime factors of 28515?
3, 5, 1901
List the prime factors of 2293.
2293
What are the prime factors of 796?
2, 199
List the prime factors of 101.
101
List the prime factors of 454.
2, 227
List the prime factors of 4102.
2, 7, 293
What are the prime factors of 10688?
2, 167
What are the prime factors of 2004?
2, 3, 167
What are the prime factors of 53547?
3, 13, 1373
What are the prime factors of 1115?
5, 223
What are the prime factors of 5723?
59, 97
What are the prime factors of 10923?
3, 11, 331
List the prime factors of 72.
2, 3
List the prime factors of 12801.
3, 17, 251
What are the prime factors of 52046?
2, 53, 491
What are the prime factors of 461?
461
List the prime factors of 516.
2, 3, 43
What are the prime factors of 7130?
2, 5, 23, 31
List the prime factors of 14962.
2, 7481
List the prime factors of 610.
2, 5, 61
What are the prime factors of 11265?
3, 5, 751
What are the prime factors of 2147?
19, 113
What are the prime factors of 9147?
3, 3049
What are the prime factors of 48315?
3, 5, 3221
What are the prime factors of 907?
907
What are the prime factors of 13411?
13411
What are the prime factors of 3139?
43, 73
What are the prime factors of 79901?
79901
What are the prime factors of 47?
47
What are the prime factors of 13819?
13, 1063
List the prime factors of 72.
2, 3
List the prime factors of 1322.
2, 661
What are the prime factors of 38316?
2, 3, 31, 103
List the prime factors of 464.
2, 29
List the prime factors of 2613.
3, 13, 67
What are the prime factors of 63866?
2, 11, 2903
What are the prime factors of 905?
5, 181
What are the prime factors of 2660?
2, 5, 7, 19
List the prime factors of 23270.
2, 5, 13, 179
What are the prime factors of 69613?
67, 1039
List the prime factors of 11332.
2, 2833
List the prime factors of 1378.
2, 13, 53
What are the prime factors of 5762?
2, 43, 67
List the prime factors of 12122.
2, 11, 19, 29
What are the prime factors of 45764?
2, 17, 673
List the prime factors of 1635.
3, 5, 109
List the prime factors of 52750.
2, 5, 211
What are the prime factors of 14071?
14071
What are the prime factors of 858?
2, 3, 11, 13
What are the prime factors of 15260?
2, 5, 7, 109
List the prime factors of 43227.
3, 1601
What are the prime factors of 10742?
2, 41, 131
List the prime factors of 60153.
3, 20051
Wh